e prime factors of u?
3, 7, 19
Suppose -49*j - 184984 + 1048315 = 0. What are the prime factors of j?
3, 7, 839
Suppose -15737 = -5*m - y + 3076, -5*m + 18801 = -3*y. Suppose -28*n + 37*n - m = 0. What are the prime factors of n?
2, 11, 19
Let g = -93 - -163. Let p = -68 + g. Suppose 3*x + 13 = b, 0*x + 2 = -p*x. What are the prime factors of b?
2, 5
Let z = -1262 + 8653. List the prime factors of z.
19, 389
What are the prime factors of (-3 + (-49)/3)/((-575464)/(-30288) - 19)?
2, 29, 631
Suppose -3*h - 646 = -2*o - 8*h, -o + 323 = -3*h. Let i = -115 + o. Let a = -111 + i. List the prime factors of a.
97
Let b(o) = -4*o**3 + 8*o**2 - 34. Suppose 0 = -70*d + 66*d - 20. List the prime factors of b(d).
2, 3, 37
Let t be 2371 - 5/(-10)*0. Suppose -k = -4*v + t + 2200, -4*v + 4568 = -4*k. What are the prime factors of v?
3, 127
Let t(m) = -m. Let j(y) = -21*y + 4. Let l(g) = 3*j(g) - 6*t(g). Let k be l(-5). Suppose -3*q = 15, -4*x - 3*q + k = -0*x. List the prime factors of x.
2, 3, 13
Let c(t) = -3*t**2 + t + 1. Let q(b) = 22*b**2 - 38*b. Let k(l) = -14*c(l) - 2*q(l). What are the prime factors of k(30)?
2, 23
Let x = -9047 - -13744. What are the prime factors of x?
7, 11, 61
Let m = 106 - 111. Let v be m/(25/20) - -1. List the prime factors of 5/(-35) + v/((-21)/806).
5, 23
Suppose -11*x = 794 - 189. Let p = x - -166. List the prime factors of p.
3, 37
Suppose -16 = 35*p - 11041. Suppose -p = -l - 2*i, -6*l = -11*l - 2*i + 1599. List the prime factors of l.
3, 107
Let u(b) = -2*b**3 - b**2 + b. Let l(m) = 33*m**3 - 3*m**2 - 5*m - 17. Let n(f) = -l(f) + 5*u(f). List the prime factors of n(-2).
3, 37
Let h = 333 + -330. Suppose -h*q = -3*d + 2631 + 219, 3*d + 4*q - 2815 = 0. What are the prime factors of d?
3, 5, 7
Let v = -27206 + 59720. List the prime factors of v.
2, 3, 5419
Suppose 17553 = 21*u + 963. Suppose 318 = 2*b - 2*x, 5*b - 4*x - u = -0*x. What are the prime factors of b?
2, 7, 11
Let s = 467 - 165. Suppose -c + s = 8. List the prime factors of c.
2, 3, 7
Let s(g) = 4*g**2 - g + 18. Let h(j) = 6*j + 26. Let a be h(-3). List the prime factors of s(a).
2, 7, 19
Let w(q) = 661*q**2 + 58*q - 6. List the prime factors of w(3).
3, 2039
Let w = -1563 + 2921. List the prime factors of w.
2, 7, 97
Let s(t) = -1869*t - 373. What are the prime factors of s(-2)?
5, 673
Let m(z) = 56*z**2 - 9*z - 23. Let q be m(-4). Suppose v - q = 2*t, -3*v - 3*t = -1622 - 1123. List the prime factors of v.
11, 83
Suppose 0 = 3*m - 12, 67*m - 72*m = -2*u + 4898. List the prime factors of u.
2459
Let p(k) = -k**3 + 12*k**2 - 16*k + 15. Suppose 4*o - 197 = -5*j, 0 = -j + 5*o - 13 + 64. Suppose c - z = 6, -c - 15 + j = 4*z. List the prime factors of p(c).
5, 11
Suppose 10*h - 1736 = 2*h. Let r be (-340)/(-30)*(37 - (-3)/(-3)). Let b = r - h. List the prime factors of b.
191
Let c(i) = -24*i - 26. Suppose -h - r + 22 = 2*r, h - 5*r + 10 = 0. Suppose -u - s = -2*s + h, 0 = 3*u - 5*s + 32. List the prime factors of c(u).
2, 5, 19
Let f(s) = 5*s**3 + 12*s**2 - 27*s + 128. What are the prime factors of f(15)?
2, 9649
Let t(c) = c**3 + 7*c + c**3 - 4 + 14*c**2 - 3*c**3 - 20*c. Let m be t(13). What are the prime factors of ((-22)/m)/((-4)/(-152))?
11, 19
Let p be 3 + (-2 - 2) + -50. Let o = -135 - p. Let b = 139 + o. List the prime factors of b.
5, 11
Let q = -41 + 46. Suppose q*y - n - 222 - 105 = 0, -4*n = 4*y - 276. Let i = y - -20. What are the prime factors of i?
2, 43
Let s = 92083 - 44835. List the prime factors of s.
2, 2953
Let g(h) = h**3 + 19*h**2 + 19*h + 21. Let x be g(-18). Suppose -x*u - 689 = -m, 4*m = 9*m - 3*u - 3445. List the prime factors of m.
13, 53
Let a be (7/(-3))/(4*4/(-48)). Suppose 4*d = 2*j - 34, 2*d - 5 = -2*j - a. What are the prime factors of (128/(-6))/(2/d)?
2
Suppose -1182 = -3*a + 3*s + 189, -2*a + s = -916. Suppose 2*k = 3*d + 1097, k - 87 = 4*d + a. List the prime factors of k.
2, 5, 11
Let s(p) be the first derivative of 22*p**3 - 4*p**3 - p - 13 + 19*p**3 - p**2. List the prime factors of s(-1).
2, 7
Let d(g) = 61*g**2 + 2*g - 10. Let m = -28 + 30. List the prime factors of d(m).
2, 7, 17
Let s = -53 - -57. Suppose -4*b + s = -8. Suppose 20 = 4*p, -k + 4*k = b*p. List the prime factors of k.
5
Suppose 2*c + 36 = -0*j + 2*j, -5*j + 45 = 4*c. Suppose -j*f + 7*f + 24 = 0. Suppose 269 = 3*w + f*a, -2*w + 162 + 40 = -3*a. List the prime factors of w.
5, 19
Let f = 103917 + -70853. List the prime factors of f.
2, 4133
Let l(s) = 754*s + 2175. List the prime factors of l(4).
29, 179
List the prime factors of ((-66)/8)/((-9)/6276).
11, 523
Let y(o) = -37*o - 70. Let f(v) = 155*v + 280. Let d(b) = -6*f(b) - 25*y(b). What are the prime factors of d(-14)?
2, 5, 7
Let u(d) = -2*d**3 + d**2 + d. Let g be u(-1). Suppose -l + 4 = -2*x, 2*l - 7 = x - g. Suppose -l*t = -107 + 31. List the prime factors of t.
2, 19
Let i(g) = 59*g - 27*g - 35*g + 131. List the prime factors of i(28).
47
Let i(w) = 7*w - 12. Let d be i(-3). Let g = d - -37. Let a = 51 - g. List the prime factors of a.
47
Let r(l) = 214*l**3 + l**2 - 85*l + 85. What are the prime factors of r(1)?
5, 43
Let d(c) = -40*c**2 - 25*c + 182. Let k be d(16). List the prime factors of (8/(-28))/(-1) + k/(-98).
107
Suppose -4*j + 2760 = -m, -1136 = -5*j - 4*m + 2335. What are the prime factors of j?
691
Let i(h) = h**3 + 2*h**2 + 3*h + 916. Let p = 884 + -884. List the prime factors of i(p).
2, 229
List the prime factors of 3204960/52 + (12/(-91) - (-142)/497).
2, 30817
Let o(l) = 5*l**3 - 1. Let v be 1/(1/(6/(-3) - -3)). Let q be o(v). What are the prime factors of (1/q*-2)/((-2)/304)?
2, 19
Let x(s) = -10*s + 100. Let h be x(12). Let n = 278 + h. List the prime factors of n.
2, 3, 43
Let b(o) = o**3 - 6*o**2 + 10*o + 12. Let c = 57 + -49. List the prime factors of b(c).
2, 5, 11
Suppose -5*u + 0*u - 3*n = -10, -4*u + 3*n + 8 = 0. Suppose -u*i - 35*z + 3146 = -37*z, i + 3*z - 1593 = 0. What are the prime factors of i?
2, 3, 263
Let k be (-2)/3*(-1)/((-2)/(-15)). Suppose -9*z + k*z + 1424 = 0. What are the prime factors of z?
2, 89
Let x(r) = -18300*r + 1677. What are the prime factors of x(-1)?
3, 6659
Suppose 11*m - 75628 = -190. List the prime factors of m.
2, 3, 127
Suppose -14*j + 271698 = 17164. What are the prime factors of j?
18181
Suppose -l = -r + 5 + 2, -2 = -2*r - 4*l. Suppose 2*i = r*j - 10*j + 10696, 4*j + 3*i - 8561 = 0. Suppose 0 = -6*d + j - 338. List the prime factors of d.
2, 3, 5
Suppose -2*m = 3*m. Suppose u = -3*j + 111, 0*u - 2*u + 5*j + 178 = m. Suppose -5 = l - u. List the prime factors of l.
2, 47
Suppose 22*x - 475 = -123. Let y be (x - 12)*(-2 + 1)*-1. Suppose 18 = 3*n + w - 827, 0 = y*n - 5*w - 1114. List the prime factors of n.
281
What are the prime factors of (4 - 9) + 1357 + -11?
3, 149
Suppose 0 = -14*g + 29*g - 735. Suppose -g*w = -60*w + 1936. What are the prime factors of w?
2, 11
Let q = -5 + 10. Suppose 5*b - 3*t + 1246 = -133, -q*t - 1395 = 5*b. Let n = b - -398. What are the prime factors of n?
11
Let d(j) = -365*j - 56. Let v be d(-7). Let c = -1389 + v. What are the prime factors of c?
2, 3, 5, 37
Suppose 154*a - 64*a = 1349370. List the prime factors of a.
11, 29, 47
Suppose -2*q + 24960 = 4*l, -35*q - 2*l - 24972 = -37*q. List the prime factors of q.
2, 3121
Let p = 37 - 40. Let n be 3/(p + 4) + 0. Suppose -198 = g - n*g. List the prime factors of g.
3, 11
Let s be ((-66)/(-30) + -2)/((-2)/(-20)). Suppose -l - l = -s, 2979 = 4*t + 3*l. What are the prime factors of t?
2, 3, 31
Suppose -525*d - 20479 = -526*d - v, 3*v + 15 = 0. What are the prime factors of d?
2, 3, 569
Suppose -21*p - 5*x = -22*p + 53643, 5*p - 5*x - 268335 = 0. List the prime factors of p.
3, 17891
Let k(g) = -g**3 + 31*g**2 - 32*g + 63. Let z be k(30). Suppose 2*x = -2, 344 + 1082 = z*q + 5*x. What are the prime factors of q?
3, 53
Suppose 17662 = 7*w - 44456. Suppose -31*o + 40168 = -w. List the prime factors of o.
2, 7, 113
Let z(x) = -972*x - 1889. List the prime factors of z(-11).
8803
Let c(h) be the second derivative of -2*h**5 - h**4/12 - h**3/6 + h**2/2 + h. Suppose -20 = -8*w + 28*w. What are the prime factors of c(w)?
41
Let u(m) = -m + 17. Let n be u(-9). List the prime factors of (-4)/n + (-12492)/(-78).
2, 5
Suppose 0*m = 3*s - 4*m + 15, s + 24 = -5*m. What are the 